{"id":19328,"date":"2024-04-15T15:04:35","date_gmt":"2024-04-15T15:04:35","guid":{"rendered":"https:\/\/lexgointernational.com\/accessibilite\/"},"modified":"2025-09-25T11:28:12","modified_gmt":"2025-09-25T11:28:12","slug":"accessibilite","status":"publish","type":"page","link":"https:\/\/lexgointernational.com\/fr\/accessibilite\/","title":{"rendered":"Accessibilit\u00e9"},"content":{"rendered":"\t\t<div data-elementor-type=\"wp-page\" data-elementor-id=\"19328\" class=\"elementor elementor-19328 elementor-17671\" data-elementor-post-type=\"page\">\n\t\t\t\t\t\t<section class=\"elementor-section elementor-top-section elementor-element elementor-element-6b54284 elementor-section-boxed elementor-section-height-default elementor-section-height-default sc_fly_static\" data-id=\"6b54284\" data-element_type=\"section\" data-e-type=\"section\">\n\t\t\t\t\t\t<div class=\"elementor-container elementor-column-gap-extended\">\n\t\t\t\t\t<div class=\"elementor-column elementor-col-100 elementor-top-column elementor-element elementor-element-e7536e5 sc_content_align_inherit sc_layouts_column_icons_position_left sc_fly_static\" data-id=\"e7536e5\" data-element_type=\"column\" data-e-type=\"column\">\n\t\t\t<div class=\"elementor-widget-wrap elementor-element-populated\">\n\t\t\t\t\t\t<div class=\"elementor-element elementor-element-40352a2 sc_fly_static elementor-widget elementor-widget-text-editor\" data-id=\"40352a2\" data-element_type=\"widget\" data-e-type=\"widget\" data-widget_type=\"text-editor.default\">\n\t\t\t\t<div class=\"elementor-widget-container\">\n\t\t\t\t\t\t\t\t\t<p><strong>Accessibilit\u00e9<\/strong><br>Cette d\u00e9claration d\u2019accessibilit\u00e9 s\u2019applique au site Web lexgointernational.com.<\/p><p><strong>Situation de conformit\u00e9<\/strong><br>Le site est partiellement conforme au D\u00e9cret royal espagnol 1112\/2018 en raison de certaines exceptions et de points sp\u00e9cifiques indiqu\u00e9s ci-dessous.<\/p><p><strong>Contenu non accessible<\/strong><br>Le contenu suivant n\u2019est pas accessible pour les raisons suivantes :<\/p><p>Non-conformit\u00e9 avec le D\u00e9cret royal espagnol 1112\/2018<\/p><p>Il est possible que certains documents bureautiques au format PDF ou autres, publi\u00e9s apr\u00e8s le 20 septembre 2018, ne respectent pas enti\u00e8rement les exigences d\u2019accessibilit\u00e9. Vous pouvez demander \u00e0 recevoir les documents enti\u00e8rement accessibles via le formulaire de contact, que ce soit pour d\u00e9poser une r\u00e9clamation ou poser une question.<\/p><p>Il pourrait y avoir des erreurs ponctuelles de code ou de mise en page sur certaines pages du site. [4 .1.1 Procesamiento]<\/p><p>Certains \u00e9l\u00e9ments de contraste pourraient ne pas respecter le ratio minimum requis de 3:1 par rapport aux couleurs adjacentes du fond de la section concern\u00e9e du site. [9 .1.4.11 Contraste no textual]<\/p><p>Certains \u00e9l\u00e9ments non textuels pourraient ne pas \u00e9tre correctement \u00e9tiquet\u00e9s [2 .5.3 Etiqueta en el nombre] et [4 .1.2 Nombre funci\u00f3n y valor]<\/p><p>Les moteurs de recherche effectuent les recherches automatiquement, sans qu\u2019aucune action de votre part ne soit n\u00e9cessaire [3 .2.2 Al recibir entradas]<\/p><p>Charge disproportionn\u00e9e<\/p><p>Non applicable.<\/p><p>Le contenu n\u2019entre pas dans le champ d\u2019application de la l\u00e9gislation en vigueur.<\/p><p>Il pourrait exister des fichiers bureautiques au format PDF ou autres qui ne respectent pas enti\u00e8rement tous les crit\u00e8res d\u2019accessibilit\u00e9. Toutefois, des efforts ont \u00e9t\u00e9 d\u00e9ploy\u00e9s pour veiller \u00e0 ce que la plupart d\u2019entre eux s\u2019y conforment.<\/p><p><strong>Pr\u00e9paration de la prochaine d\u00e9claration d\u2019accessibilit\u00e9<\/strong><br>La pr\u00e9sente d\u00e9claration a \u00e9t\u00e9 pr\u00e9par\u00e9e le 18 d\u00e9cembre 2022.<\/p><p>La m\u00e9thode utilis\u00e9e pour pr\u00e9parer la d\u00e9claration est une auto-\u00e9valuation r\u00e9alis\u00e9e par l\u2019agence elle-m\u00eame.<\/p><p><strong>Commentaires et coordonn\u00e9es<\/strong><br>Vous pouvez nous contacter pour toute question concernant l\u2019accessibilit\u00e9 (article 10.2.a du D\u00e9cret royal espagnol 1112\/2018), par exemple :<\/p><p>Signaler tout manquement \u00e9ventuel de ce site Web,<br>Communiquer toute autre difficult\u00e9 d\u2019acc\u00e8s au contenu,<br>Formuler toute autre question ou suggestion d\u2019am\u00e9lioration concernant l\u2019accessibilit\u00e9 du site via le formulaire de contact.<\/p><p><strong>Vous pouvez soumettre<\/strong><br>Une plainte concernant le respect des exigences du D\u00e9cret royal espagnol 1112\/2018, ou<br>Une demande d\u2019information accessible concernant\u202f:<br>Les contenus exclus du champ d\u2019application du D\u00e9cret royal espagnol 1112\/2018 selon l\u2019article 3, paragraphe 4<br>Les contenus exempt\u00e9s du respect des exigences d\u2019accessibilit\u00e9 en raison d\u2019une charge disproportionn\u00e9e<br>Dans une demande d\u2019information accessible, il convient de pr\u00e9ciser clairement les faits, les raisons et la requ\u00eate afin de montrer qu\u2019il s\u2019agit d\u2019une demande l\u00e9gitime et raisonnable.<br>Les plaintes et r\u00e9clamations concernant l\u2019information accessible doivent \u00eatre effectu\u00e9es via le formulaire de contact de ce site.<\/p><p><strong>Contenu optionnel<\/strong><br>Ce portail est con\u00e7u pour permettre de modifier la taille et la couleur du texte ainsi que l\u2019arri\u00e8re-plan de la page \u00e0 l\u2019aide des param\u00e8tres standard du navigateur.<\/p><p>Si vous souhaitez modifier la taille de la police du texte dans les principaux navigateurs graphiques, utilisez les menus suivants :<\/p><p>Internet Explorer, Mozilla et Firefox : Voir &gt; Taille du texte<br>Opera : Voir &gt; Zoom<br>Safari : Voir &gt; Agrandir le texte<br>Chrome : Contr\u00f4ler la page actuelle &gt; Taille du texte<br>Pour modifier la taille de tout ce qui se trouve sur la page :<br>Ctrl + + pour augmenter<br>Ctrl + &#8211; pour diminuer<br>Ctrl + 0 r\u00e9tablit la taille originale du texte<br>Si vous souhaitez remplacer la feuille de style ou modifier la couleur du texte, vous pouvez consulter la page de la WAI intitul\u00e9e How to Change Text Size or Colors, qui peut \u00eatre lue en fran\u00e7ais \u00e0 l\u2019adresse suivante : Comment modifier la taille du texte ou les couleurs\u202f?<\/p>\t\t\t\t\t\t\t\t<\/div>\n\t\t\t\t<\/div>\n\t\t\t\t\t<\/div>\n\t\t<\/div>\n\t\t\t\t\t<\/div>\n\t\t<\/section>\n\t\t\t\t<\/div>\n\t\t","protected":false},"excerpt":{"rendered":"<p>Accessibilit\u00e9Cette d\u00e9claration d\u2019accessibilit\u00e9 s\u2019applique au site Web lexgointernational.com. Situation de conformit\u00e9Le site est partiellement conforme au D\u00e9cret royal espagnol 1112\/2018 en raison de certaines exceptions et de points sp\u00e9cifiques indiqu\u00e9s&hellip;<\/p>\n","protected":false},"author":1,"featured_media":0,"parent":0,"menu_order":0,"comment_status":"closed","ping_status":"closed","template":"","meta":{"footnotes":""},"class_list":["post-19328","page","type-page","status-publish","hentry"],"yoast_head":"<!-- This site is optimized with the Yoast SEO plugin v23.8 - https:\/\/yoast.com\/wordpress\/plugins\/seo\/ -->\n<title>Accessibilit\u00e9 - LexGo<\/title>\n<meta name=\"robots\" content=\"noindex, nofollow\" \/>\n<meta property=\"og:locale\" content=\"fr_FR\" \/>\n<meta property=\"og:type\" content=\"article\" \/>\n<meta property=\"og:title\" content=\"Accessibilit\u00e9 - LexGo\" \/>\n<meta property=\"og:description\" content=\"Accessibilit\u00e9Cette d\u00e9claration d\u2019accessibilit\u00e9 s\u2019applique au site Web lexgointernational.com. Situation de conformit\u00e9Le site est partiellement conforme au D\u00e9cret royal espagnol 1112\/2018 en raison de certaines exceptions et de points sp\u00e9cifiques indiqu\u00e9s&hellip;\" \/>\n<meta property=\"og:url\" content=\"https:\/\/lexgointernational.com\/fr\/accessibilite\/\" \/>\n<meta property=\"og:site_name\" content=\"LexGo\" \/>\n<meta property=\"article:modified_time\" content=\"2025-09-25T11:28:12+00:00\" \/>\n<meta name=\"twitter:card\" content=\"summary_large_image\" \/>\n<meta name=\"twitter:label1\" content=\"Dur\u00e9e de lecture estim\u00e9e\" \/>\n\t<meta name=\"twitter:data1\" content=\"3 minutes\" \/>\n<script type=\"application\/ld+json\" class=\"yoast-schema-graph\">{\"@context\":\"https:\/\/schema.org\",\"@graph\":[{\"@type\":\"WebPage\",\"@id\":\"https:\/\/lexgointernational.com\/fr\/accessibilite\/\",\"url\":\"https:\/\/lexgointernational.com\/fr\/accessibilite\/\",\"name\":\"Accessibilit\u00e9 - LexGo\",\"isPartOf\":{\"@id\":\"https:\/\/lexgointernational.com\/#website\"},\"datePublished\":\"2024-04-15T15:04:35+00:00\",\"dateModified\":\"2025-09-25T11:28:12+00:00\",\"breadcrumb\":{\"@id\":\"https:\/\/lexgointernational.com\/fr\/accessibilite\/#breadcrumb\"},\"inLanguage\":\"fr-FR\",\"potentialAction\":[{\"@type\":\"ReadAction\",\"target\":[\"https:\/\/lexgointernational.com\/fr\/accessibilite\/\"]}]},{\"@type\":\"BreadcrumbList\",\"@id\":\"https:\/\/lexgointernational.com\/fr\/accessibilite\/#breadcrumb\",\"itemListElement\":[{\"@type\":\"ListItem\",\"position\":1,\"name\":\"Portada\",\"item\":\"https:\/\/lexgointernational.com\/fr\/lexgo-autre-facon-dapprendre-une-langue\/\"},{\"@type\":\"ListItem\",\"position\":2,\"name\":\"Accessibilit\u00e9\"}]},{\"@type\":\"WebSite\",\"@id\":\"https:\/\/lexgointernational.com\/#website\",\"url\":\"https:\/\/lexgointernational.com\/\",\"name\":\"LexGo\",\"description\":\"M\u00e1s que aprender un idioma\",\"publisher\":{\"@id\":\"https:\/\/lexgointernational.com\/#organization\"},\"potentialAction\":[{\"@type\":\"SearchAction\",\"target\":{\"@type\":\"EntryPoint\",\"urlTemplate\":\"https:\/\/lexgointernational.com\/?s={search_term_string}\"},\"query-input\":{\"@type\":\"PropertyValueSpecification\",\"valueRequired\":true,\"valueName\":\"search_term_string\"}}],\"inLanguage\":\"fr-FR\"},{\"@type\":\"Organization\",\"@id\":\"https:\/\/lexgointernational.com\/#organization\",\"name\":\"LexGo\",\"url\":\"https:\/\/lexgointernational.com\/\",\"logo\":{\"@type\":\"ImageObject\",\"inLanguage\":\"fr-FR\",\"@id\":\"https:\/\/lexgointernational.com\/#\/schema\/logo\/image\/\",\"url\":\"https:\/\/lexgointernational.com\/wp-content\/uploads\/2024\/04\/lexgo.svg\",\"contentUrl\":\"https:\/\/lexgointernational.com\/wp-content\/uploads\/2024\/04\/lexgo.svg\",\"width\":277,\"height\":100,\"caption\":\"LexGo\"},\"image\":{\"@id\":\"https:\/\/lexgointernational.com\/#\/schema\/logo\/image\/\"}}]}<\/script>\n<!-- \/ Yoast SEO plugin. -->","yoast_head_json":{"title":"Accessibilit\u00e9 - LexGo","robots":{"index":"noindex","follow":"nofollow"},"og_locale":"fr_FR","og_type":"article","og_title":"Accessibilit\u00e9 - LexGo","og_description":"Accessibilit\u00e9Cette d\u00e9claration d\u2019accessibilit\u00e9 s\u2019applique au site Web lexgointernational.com. Situation de conformit\u00e9Le site est partiellement conforme au D\u00e9cret royal espagnol 1112\/2018 en raison de certaines exceptions et de points sp\u00e9cifiques indiqu\u00e9s&hellip;","og_url":"https:\/\/lexgointernational.com\/fr\/accessibilite\/","og_site_name":"LexGo","article_modified_time":"2025-09-25T11:28:12+00:00","twitter_card":"summary_large_image","twitter_misc":{"Dur\u00e9e de lecture estim\u00e9e":"3 minutes"},"schema":{"@context":"https:\/\/schema.org","@graph":[{"@type":"WebPage","@id":"https:\/\/lexgointernational.com\/fr\/accessibilite\/","url":"https:\/\/lexgointernational.com\/fr\/accessibilite\/","name":"Accessibilit\u00e9 - LexGo","isPartOf":{"@id":"https:\/\/lexgointernational.com\/#website"},"datePublished":"2024-04-15T15:04:35+00:00","dateModified":"2025-09-25T11:28:12+00:00","breadcrumb":{"@id":"https:\/\/lexgointernational.com\/fr\/accessibilite\/#breadcrumb"},"inLanguage":"fr-FR","potentialAction":[{"@type":"ReadAction","target":["https:\/\/lexgointernational.com\/fr\/accessibilite\/"]}]},{"@type":"BreadcrumbList","@id":"https:\/\/lexgointernational.com\/fr\/accessibilite\/#breadcrumb","itemListElement":[{"@type":"ListItem","position":1,"name":"Portada","item":"https:\/\/lexgointernational.com\/fr\/lexgo-autre-facon-dapprendre-une-langue\/"},{"@type":"ListItem","position":2,"name":"Accessibilit\u00e9"}]},{"@type":"WebSite","@id":"https:\/\/lexgointernational.com\/#website","url":"https:\/\/lexgointernational.com\/","name":"LexGo","description":"M\u00e1s que aprender un idioma","publisher":{"@id":"https:\/\/lexgointernational.com\/#organization"},"potentialAction":[{"@type":"SearchAction","target":{"@type":"EntryPoint","urlTemplate":"https:\/\/lexgointernational.com\/?s={search_term_string}"},"query-input":{"@type":"PropertyValueSpecification","valueRequired":true,"valueName":"search_term_string"}}],"inLanguage":"fr-FR"},{"@type":"Organization","@id":"https:\/\/lexgointernational.com\/#organization","name":"LexGo","url":"https:\/\/lexgointernational.com\/","logo":{"@type":"ImageObject","inLanguage":"fr-FR","@id":"https:\/\/lexgointernational.com\/#\/schema\/logo\/image\/","url":"https:\/\/lexgointernational.com\/wp-content\/uploads\/2024\/04\/lexgo.svg","contentUrl":"https:\/\/lexgointernational.com\/wp-content\/uploads\/2024\/04\/lexgo.svg","width":277,"height":100,"caption":"LexGo"},"image":{"@id":"https:\/\/lexgointernational.com\/#\/schema\/logo\/image\/"}}]}},"_links":{"self":[{"href":"https:\/\/lexgointernational.com\/fr\/wp-json\/wp\/v2\/pages\/19328","targetHints":{"allow":["GET"]}}],"collection":[{"href":"https:\/\/lexgointernational.com\/fr\/wp-json\/wp\/v2\/pages"}],"about":[{"href":"https:\/\/lexgointernational.com\/fr\/wp-json\/wp\/v2\/types\/page"}],"author":[{"embeddable":true,"href":"https:\/\/lexgointernational.com\/fr\/wp-json\/wp\/v2\/users\/1"}],"replies":[{"embeddable":true,"href":"https:\/\/lexgointernational.com\/fr\/wp-json\/wp\/v2\/comments?post=19328"}],"version-history":[{"count":5,"href":"https:\/\/lexgointernational.com\/fr\/wp-json\/wp\/v2\/pages\/19328\/revisions"}],"predecessor-version":[{"id":19485,"href":"https:\/\/lexgointernational.com\/fr\/wp-json\/wp\/v2\/pages\/19328\/revisions\/19485"}],"wp:attachment":[{"href":"https:\/\/lexgointernational.com\/fr\/wp-json\/wp\/v2\/media?parent=19328"}],"curies":[{"name":"wp","href":"https:\/\/api.w.org\/{rel}","templated":true}]}}

Accessibilité

<div data-elementor-type="wp-page" data-elementor-id="19328" class="elementor elementor-19328 elementor-17671" data-elementor-post-type="page">
						<section class="elementor-section elementor-top-section elementor-element elementor-element-6b54284 elementor-section-boxed elementor-section-height-default elementor-section-height-default sc_fly_static" data-id="6b54284" data-element_type="section" data-e-type="section">
						<div class="elementor-container elementor-column-gap-extended">
					<div class="elementor-column elementor-col-100 elementor-top-column elementor-element elementor-element-e7536e5 sc_content_align_inherit sc_layouts_column_icons_position_left sc_fly_static" data-id="e7536e5" data-element_type="column" data-e-type="column">
			<div class="elementor-widget-wrap elementor-element-populated">
						<div class="elementor-element elementor-element-40352a2 sc_fly_static elementor-widget elementor-widget-text-editor" data-id="40352a2" data-element_type="widget" data-e-type="widget" data-widget_type="text-editor.default">
				<div class="elementor-widget-container">
									<p><strong>Accessibilité</strong><br>Cette déclaration d’accessibilité s’applique au site Web lexgointernational.com.</p><p><strong>Situation de conformité</strong><br>Le site est partiellement conforme au Décret royal espagnol 1112/2018 en raison de certaines exceptions et de points spécifiques indiqués ci-dessous.</p><p><strong>Contenu non accessible</strong><br>Le contenu suivant n’est pas accessible pour les raisons suivantes :</p><p>Non-conformité avec le Décret royal espagnol 1112/2018</p><p>Il est possible que certains documents bureautiques au format PDF ou autres, publiés après le 20 septembre 2018, ne respectent pas entièrement les exigences d’accessibilité. Vous pouvez demander à recevoir les documents entièrement accessibles via le formulaire de contact, que ce soit pour déposer une réclamation ou poser une question.</p><p>Il pourrait y avoir des erreurs ponctuelles de code ou de mise en page sur certaines pages du site. [4 .1.1 Procesamiento]</p><p>Certains éléments de contraste pourraient ne pas respecter le ratio minimum requis de 3:1 par rapport aux couleurs adjacentes du fond de la section concernée du site. [9 .1.4.11 Contraste no textual]</p><p>Certains éléments non textuels pourraient ne pas étre correctement étiquetés [2 .5.3 Etiqueta en el nombre] et [4 .1.2 Nombre función y valor]</p><p>Les moteurs de recherche effectuent les recherches automatiquement, sans qu’aucune action de votre part ne soit nécessaire [3 .2.2 Al recibir entradas]</p><p>Charge disproportionnée</p><p>Non applicable.</p><p>Le contenu n’entre pas dans le champ d’application de la législation en vigueur.</p><p>Il pourrait exister des fichiers bureautiques au format PDF ou autres qui ne respectent pas entièrement tous les critères d’accessibilité. Toutefois, des efforts ont été déployés pour veiller à ce que la plupart d’entre eux s’y conforment.</p><p><strong>Préparation de la prochaine déclaration d’accessibilité</strong><br>La présente déclaration a été préparée le 18 décembre 2022.</p><p>La méthode utilisée pour préparer la déclaration est une auto-évaluation réalisée par l’agence elle-même.</p><p><strong>Commentaires et coordonnées</strong><br>Vous pouvez nous contacter pour toute question concernant l’accessibilité (article 10.2.a du Décret royal espagnol 1112/2018), par exemple :</p><p>Signaler tout manquement éventuel de ce site Web,<br>Communiquer toute autre difficulté d’accès au contenu,<br>Formuler toute autre question ou suggestion d’amélioration concernant l’accessibilité du site via le formulaire de contact.</p><p><strong>Vous pouvez soumettre</strong><br>Une plainte concernant le respect des exigences du Décret royal espagnol 1112/2018, ou<br>Une demande d’information accessible concernant :<br>Les contenus exclus du champ d’application du Décret royal espagnol 1112/2018 selon l’article 3, paragraphe 4<br>Les contenus exemptés du respect des exigences d’accessibilité en raison d’une charge disproportionnée<br>Dans une demande d’information accessible, il convient de préciser clairement les faits, les raisons et la requête afin de montrer qu’il s’agit d’une demande légitime et raisonnable.<br>Les plaintes et réclamations concernant l’information accessible doivent être effectuées via le formulaire de contact de ce site.</p><p><strong>Contenu optionnel</strong><br>Ce portail est conçu pour permettre de modifier la taille et la couleur du texte ainsi que l’arrière-plan de la page à l’aide des paramètres standard du navigateur.</p><p>Si vous souhaitez modifier la taille de la police du texte dans les principaux navigateurs graphiques, utilisez les menus suivants :</p><p>Internet Explorer, Mozilla et Firefox : Voir &gt; Taille du texte<br>Opera : Voir &gt; Zoom<br>Safari : Voir &gt; Agrandir le texte<br>Chrome : Contrôler la page actuelle &gt; Taille du texte<br>Pour modifier la taille de tout ce qui se trouve sur la page :<br>Ctrl + + pour augmenter<br>Ctrl + &#8211; pour diminuer<br>Ctrl + 0 rétablit la taille originale du texte<br>Si vous souhaitez remplacer la feuille de style ou modifier la couleur du texte, vous pouvez consulter la page de la WAI intitulée How to Change Text Size or Colors, qui peut être lue en français à l’adresse suivante : Comment modifier la taille du texte ou les couleurs ?</p>								</div>
				</div>
					</div>
		</div>
					</div>
		</section>
				</div>

<p>AccessibilitéCette déclaration d’accessibilité s’applique au site Web lexgointernational.com. Situation de conformitéLe site est partiellement conforme au Décret royal espagnol 1112/2018 en raison de certaines exceptions et de points spécifiques indiqués&hellip;</p>

<!-- This site is optimized with the Yoast SEO plugin v23.8 - https://yoast.com/wordpress/plugins/seo/ -->
<title>Accessibilité - LexGo</title>
<meta name="robots" content="noindex, nofollow" />
<meta property="og:locale" content="fr_FR" />
<meta property="og:type" content="article" />
<meta property="og:title" content="Accessibilité - LexGo" />
<meta property="og:description" content="AccessibilitéCette déclaration d’accessibilité s’applique au site Web lexgointernational.com. Situation de conformitéLe site est partiellement conforme au Décret royal espagnol 1112/2018 en raison de certaines exceptions et de points spécifiques indiqués&hellip;" />
<meta property="og:url" content="https://lexgointernational.com/fr/accessibilite/" />
<meta property="og:site_name" content="LexGo" />
<meta property="article:modified_time" content="2025-09-25T11:28:12+00:00" />
<meta name="twitter:card" content="summary_large_image" />
<meta name="twitter:label1" content="Durée de lecture estimée" />
	<meta name="twitter:data1" content="3 minutes" />
<script type="application/ld+json" class="yoast-schema-graph">{"@context":"https://schema.org","@graph":[{"@type":"WebPage","@id":"https://lexgointernational.com/fr/accessibilite/","url":"https://lexgointernational.com/fr/accessibilite/","name":"Accessibilité - LexGo","isPartOf":{"@id":"https://lexgointernational.com/#website"},"datePublished":"2024-04-15T15:04:35+00:00","dateModified":"2025-09-25T11:28:12+00:00","breadcrumb":{"@id":"https://lexgointernational.com/fr/accessibilite/#breadcrumb"},"inLanguage":"fr-FR","potentialAction":[{"@type":"ReadAction","target":["https://lexgointernational.com/fr/accessibilite/"]}]},{"@type":"BreadcrumbList","@id":"https://lexgointernational.com/fr/accessibilite/#breadcrumb","itemListElement":[{"@type":"ListItem","position":1,"name":"Portada","item":"https://lexgointernational.com/fr/lexgo-autre-facon-dapprendre-une-langue/"},{"@type":"ListItem","position":2,"name":"Accessibilité"}]},{"@type":"WebSite","@id":"https://lexgointernational.com/#website","url":"https://lexgointernational.com/","name":"LexGo","description":"Más que aprender un idioma","publisher":{"@id":"https://lexgointernational.com/#organization"},"potentialAction":[{"@type":"SearchAction","target":{"@type":"EntryPoint","urlTemplate":"https://lexgointernational.com/?s={search_term_string}"},"query-input":{"@type":"PropertyValueSpecification","valueRequired":true,"valueName":"search_term_string"}}],"inLanguage":"fr-FR"},{"@type":"Organization","@id":"https://lexgointernational.com/#organization","name":"LexGo","url":"https://lexgointernational.com/","logo":{"@type":"ImageObject","inLanguage":"fr-FR","@id":"https://lexgointernational.com/#/schema/logo/image/","url":"https://lexgointernational.com/wp-content/uploads/2024/04/lexgo.svg","contentUrl":"https://lexgointernational.com/wp-content/uploads/2024/04/lexgo.svg","width":277,"height":100,"caption":"LexGo"},"image":{"@id":"https://lexgointernational.com/#/schema/logo/image/"}}]}</script>
<!-- / Yoast SEO plugin. -->

Accessibilité - LexGo

AccessibilitéCette déclaration d’accessibilité s’applique au site Web lexgointernational.com. Situation de conformitéLe site est partiellement conforme au Décret royal espagnol 1112/2018 en raison de certaines exceptions et de points spécifiques indiqués&hellip;

Más que aprender un idioma
